6 = 2*a + 82, -3*a + j = 3*z. What is the units digit of z?
2
Suppose a + 5*r + 3 - 13 = 0, 0 = 2*a - 3*r - 46. Suppose -3*w + a = 7*w. Suppose -5*i = w*v - 204, 5*v - 175 = i + 362. What is the units digit of v?
7
What is the tens digit of 1013375/110 + (-1)/2?
1
Suppose -7*o = 1036 + 154. Let h = o - -436. Suppose -9*k + 2*k = -h. What is the units digit of k?
8
Let f be 2/3 - (-106)/(-6). Let c be 476/21 + (-28)/(-21). Let u = c + f. What is the units digit of u?
7
Suppose -2524874 = -62*d - 738524 + 737484. What is the thousands digit of d?
0
Suppose r - 7 = -0*r + j, 30 = 5*r - 4*j. Suppose r*a + 14 = -o, 5*o + 0*a = -4*a - 82. Let h = 31 + o. What is the tens digit of h?
1
Let c = -39 - 8. Let s = c - -321. What is the hundreds digit of s?
2
Suppose 25*g - 240 = -5*g. Suppose 6 = 2*q + g, b - 4*q - 483 = 0. What is the tens digit of b?
7
What is the tens digit of ((-350559)/(-18) + 24)*(2 + 0)?
9
Suppose -3*q - 9 = c, 4*c = -2*q - 2 - 24. Let z be 82/3 - 4/c. What is the units digit of z/21 + (-245)/(-3)?
3
Suppose -4*t - 29 = -37. Let c(m) = m**3 - 2*m**2 + 3*m - 4. Let w be c(t). Suppose -w*g = 5*g - 427. What is the units digit of g?
1
Let x = 758 + -1213. What is the units digit of (-3373)/(-5) - (-7)/(x/(-26))?
5
Suppose 6238*h - 22166 = 6214*h + 15106. What is the tens digit of h?
5
What is the units digit of -47 - -16 - -41 - (0 + -72608)?
8
Let v = 165 + -166. What is the units digit of (-3 - 1260/5*-1) + v?
8
Suppose 0 = -2*i + 2, -i + 10606 = -4*x + 78589. What is the ten thousands digit of x?
1
Suppose -z + 3 = 1. Let y be -2 + z/((-645)/(-213) + -3). Suppose -m - y = -286. What is the tens digit of m?
1
Suppose t - 3*y = -2058 + 16302, -5*y = 2*t - 28554. What is the hundreds digit of t?
2
Suppose 2*a = a - 12. Let n = -2 - a. Let w(h) = h**2 - 12*h + 23. What is the units digit of w(n)?
3
Let d(q) = -397*q + 592. What is the units digit of d(-15)?
7
Let o be 85/(-34)*(0 + 2). What is the hundreds digit of 2580/8 - o/(-10)?
3
Let u be 774/270 + (-2)/(-15). Suppose -6*k - 4*z = -2*k - 48, 0 = k - u*z. What is the units digit of (-6)/k - (-460)/6?
6
Let b(x) = 274*x**2 - 88*x + 32. What is the thousands digit of b(6)?
9
Suppose -46*a - 120 = -51*a. Suppose -a - 31 = u. Let d = u + 74. What is the tens digit of d?
1
Let f(x) = 3*x - 9. Let t be f(5). Let z = t + -15. Let k = 5 - z. What is the tens digit of k?
1
Suppose -15*q + 263061 = 3*n, -57622 = -5*q - 4*n + 30056. What is the thousands digit of q?
7
Suppose -20 = -r - 3*r. Let m(d) = 2*d**2 + d + 19. Let f(b) = b**2 + 10. Let q(z) = r*f(z) - 2*m(z). What is the hundreds digit of q(11)?
1
Suppose -78*x = 20336 - 384128. What is the units digit of x?
4
Suppose -27*z + 24*z + 50447 = 2*w, -w + 2*z + 25241 = 0. What is the tens digit of w?
3
Suppose 11*w = 8*w - 31*w. Suppose -5*s + p = -w*p - 1179, 2*p = 2. What is the tens digit of s?
3
Let i(n) = 37*n - 15. Let s be i(15). Suppose -8*r = -612 - s. Suppose -3*d - 5*b + 0*b = -174, -5*b = -3*d + r. What is the tens digit of d?
5
Let o be 1/(-5)*(21 - 29786). Suppose 11*s - 5366 = o. What is the tens digit of s?
2
Let z(q) = 15*q + 15*q**2 - 1 + 2 + 16*q**2 - 18*q. Suppose 0 = d + d - 4. What is the units digit of z(d)?
9
Let q = -9448 - -23291. What is the hundreds digit of q?
8
Let v(y) = -2*y**2 + 2 + 17*y + 13*y**2 + y + y**3. Let u be v(-9). Suppose u*h + 218 = 4*h. What is the hundreds digit of h?
1
What is the thousands digit of (-21362 - -11)/(-3) - (1 + -1)?
7
Suppose -234*f + 4849373 = 34*f - 1778535. What is the thousands digit of f?
4
Suppose 3*s - 3*u = 4 + 8, 4*s = -4*u + 24. Let y(f) = -f - 9. Let b be y(s). Let c(x) = -3*x - 35. What is the units digit of c(b)?
7
Let u(f) = 104*f**2 + 3860*f + 99. What is the ten thousands digit of u(-41)?
1
Let d(z) = -2*z**3 + 9*z**2 + 10*z - 2. Let m be d(5). Let r = m - 23. Suppose r = 5*w - 2*o - 394, 2*w - 3*o = -2*o + 157. What is the tens digit of w?
8
Suppose 17783661 + 16871398 = 451*h - 1059180. What is the tens digit of h?
8
Suppose 5*f - 3*f + 764 = -2*b, -3*b + 2*f = 1151. Let o = -255 - b. What is the tens digit of o?
2
Let q(i) be the second derivative of i**5/20 + 11*i**4/12 + 4*i**3/3 + 23*i**2/2 + 28*i. What is the tens digit of q(-7)?
6
Let o(v) = 2048*v**2 + 15*v - 26. What is the thousands digit of o(2)?
8
Let g = -4 + 12. Let l be 12/g + 6/(-4). Suppose l = 2*a - 10 - 6. What is the units digit of a?
8
Let t = -258 + 275. Suppose 21*i - 2116 = t*i. What is the hundreds digit of i?
5
Suppose 468*f - 456*f - 37236 = 0. What is the hundreds digit of f?
1
Let x(k) = -225*k - 106. Let m be x(5). Let s = m - -1769. What is the hundreds digit of s?
5
Let x be ((-3)/(-4) - 46/40)*-5. Let l be 1 - (-2 + (-4)/(-4)). Suppose -5*w + 1037 = 4*c - x*c, 2*c = l. What is the tens digit of w?
0
Let o = -34960 - -101143. What is the hundreds digit of o?
1
Let v(y) = -y**3 + 9*y**2 - 182*y - 154. What is the hundreds digit of v(-21)?
8
Let y be (-912 - 33)*-2*(-2)/(-6). Suppose y*l + 6503 = 637*l. What is the tens digit of l?
2
Suppose -5*a - 3*v + 932 = 0, 3*a - 8*v - 532 = -3*v. Let j = a + 14. What is the hundreds digit of j?
1
Suppose 2217 = -4*f + 21249. What is the thousands digit of f?
4
Suppose -4*y + 5*j + 170 = -396, -19*y + 2728 = -4*j. Suppose f = -3*f - 152. Let x = y + f. What is the tens digit of x?
0
Let u(i) = -12961*i + 8494. What is the tens digit of u(-4)?
3
What is the units digit of ((-3)/2)/(1686/(-7965788))?
7
Let s(k) be the second derivative of 8*k**2 - 14*k + 0 - 1/12*k**4 + 8/3*k**3. What is the tens digit of s(14)?
4
Let i = 204 + 107. Let j = i - 167. What is the tens digit of j/10*40/6?
9
Let t(w) = -5*w + 120. Let m be t(23). Suppose 2*p = m*f + 973, 0 = -5*p + 27*f - 24*f + 2461. What is the hundreds digit of p?
4
Suppose 0*v + 3*c = v - 2357, -2*c = 4*v - 9372. Suppose 605 = k + 14*j - 11*j, -4*k + v = -3*j. What is the tens digit of k?
9
Let q = -22 + 82. Suppose 13 = -8*d + 45. Let z = d + q. What is the units digit of z?
4
Suppose 0 = -19*j + 14*j - 2*f + 2250, -2*j = f - 900. Let y = -78 + j. What is the units digit of y?
2
What is the units digit of 551/(-76)*6200*-1?
0
Let m = 79 - 95. Let t be (5/4)/(4/m). What is the hundreds digit of 446*t/(-10) - -4?
2
Let k(t) = -t**3 + 5*t**2 + 3*t - 9. Let p be k(5). Suppose -4*j - 5661 = -p*g + g, -g + 1134 = j. What is the thousands digit of g?
1
What is the ten thousands digit of -2 - -32311 - (10 + -25)?
3
What is the hundreds digit of (-3)/((2 + 2)/376*21/(-917))?
3
Let j(p) = 33*p**2 - 130*p + 611. What is the thousands digit of j(48)?
0
Let n = 132412 + -80624. What is the hundreds digit of n?
7
Let c = 1519 - 972. Let q = 1269 - c. What is the units digit of q?
2
Suppose -2*l = 3*w + w + 44, 84 = -2*l + 4*w. Let r = l - -355. What is the tens digit of r?
2
Suppose 2*l - 37459 = -5*t + 9715, -4*l - 28320 = -3*t. What is the units digit of t?
6
Suppose 0 = 2*f + 4, 2*f + 136 = 5*v + 12. Suppose v*w - 3150 = 10*w. What is the units digit of w?
5
What is the tens digit of 6560 + -1 + 1056/176?
6
Let m(g) be the third derivative of g**2 + 0 + 0*g - 32/3*g**3 + 4/3*g**4. What is the tens digit of m(5)?
9
Let v = 118 - 101. Suppose r = -0*l - 4*l + v, 12 = 4*l. What is the units digit of r?
5
Suppose -p + 3*o + 1749 = 0, -4*p + 3078 = -4*o - 3894. Suppose 8*b - 3212 - p = 0. What is the units digit of b?
9
Let y(d) = 17*d - 25. Let c be y(16). Suppose -5*w = x - c, x = w + 2*w + 247. What is the tens digit of x?
4
Suppose -o + 4*b - 88 = -5*o, -3*b = -4*o + 123. Suppose 31*u = o*u + 1984. What is the tens digit of u?
9
Let s = -28 + -63. Let m be ((-2)/1)/(-15*(-1)/(-720)). Let q = s + m. What is the units digit of q?
5
Let n(a) = a**2 - 4*a + 3. Let l be n(4). Suppose -2*o = 5*s + 6, -l*o - 2*s - s + 9 = 0. Suppose -o*f + 754 = -233. What is the units digit of f?
1
Let n(h) = 14*h**2 + 126*h - 304. What is the hundreds digit of n(40)?
1
Let y = 354 + 104. What is the hundreds digit of y?
4
Suppose 45520 = 5*b + 4*j, -3*j - 14248 = -3*b + 13064. What is the units digit of b?
4
Let j be (-30)/(-70) - ((-2252)/(-28) - 4). What is the hundreds digit of -10*((-8493)/j)/(6/(-4))?
7
Let j be (4/7)/(2/7). Suppose -5*x + 2*v = v - 333, 2*v + 138 = j*x. Suppose -2*k + x = k. What is the tens digit